 x(i) = 58*i**3 - 352*i**2 + 3*i + 18. Calculate x(6).
-108
Let g(o) = -o**3 + 100*o**2 + o + 2490. What is g(0)?
2490
Let m(d) = -d**3 + 22*d**2 + 101*d + 128. Calculate m(26).
50
Let q(j) = -80*j + 1749. Determine q(-2).
1909
Let v(d) = 351*d**2 + 1056*d - 12. What is v(-3)?
-21
Let i(s) = -891*s - 128300. Calculate i(-144).
4
Let c(q) = -28*q**2 + 3346*q + 1270. Calculate c(120).
-410
Let o(c) = -2*c**3 + 170*c**2 + 897*c - 62355. What is o(86)?
-5
Let d(a) = -3*a**2 - 112*a + 1303. Calculate d(-47).
-60
Let w(g) = -73480*g - 9919812. What is w(-135)?
-12
Let v(g) = -3463*g - 716847. Determine v(-207).
-6
Let l(w) = 78305*w - 1487796. Calculate l(19).
-1
Let a(y) = -50*y + 5811. What is a(120)?
-189
Let u(h) = h**3 - 2*h**2 - 4*h - 710. Determine u(0).
-710
Let s(a) = -a**3 - 243*a**2 - 1058*a - 364. Calculate s(-4).
44
Let l(t) = -45981*t + 229889. Determine l(5).
-16
Let p(a) = -151*a**3 + 1056*a**2 - 27*a + 150. Calculate p(7).
-88
Let a(l) = -47*l**2 + 118*l + 2074. What is a(8)?
10
Let b(p) = 44826*p - 448447. Calculate b(10).
-187
Let o(z) = 3163*z + 9328. Determine o(-3).
-161
Let k(u) = 3*u**2 + 8259*u + 16490. Give k(-2).
-16
Let m(v) = v**3 + v**2 + 89861*v + 269600. Calculate m(-3).
-1
Let p(w) = 460572*w + 3224009. Calculate p(-7).
5
Let t(z) = -2*z**3 + 50*z**2 + 558*z - 5676. Calculate t(31).
90
Let x(v) = -5139*v - 919793. Calculate x(-179).
88
Let k(u) = 3*u**3 + 108*u**2 + 374*u - 311. Calculate k(-32).
9
Let g(l) = 30*l**2 - 70*l + 63. Calculate g(5).
463
Let u(r) = -3*r**2 - 57*r + 1051. Determine u(18).
-947
Let q(g) = g**2 - g - 272. Determine q(17).
0
Let g(t) = -t**2 + 5668*t - 56575. Give g(10).
5
Let r(o) = o**3 - 23*o**2 + 1183*o - 22381. Determine r(20).
79
Let a(s) = -s**3 - 3*s**2 - 845*s - 3397. What is a(-4)?
-1
Let i(g) = -5*g**2 + 110*g + 83. Determine i(22).
83
Let c(j) = -j**3 - 48*j**2 + 147*j + 7036. Calculate c(-48).
-20
Let d(f) = -21*f**2 - 668*f - 2281. Determine d(-28).
-41
Let l(h) = 2*h**2 - 731*h - 964957. Calculate l(901).
14
Let t(i) = i**3 - 2*i**2 - 110*i + 290. Calculate t(10).
-10
Let i(r) = 3*r**2 + 466*r - 107571. Determine i(127).
-2
Let i(c) = -1069*c - 34436. Determine i(-32).
-228
Let o(d) = -d**2 + 1150*d - 111599. Determine o(107).
2
Let f(h) = -h**3 - 24*h**2 + 262*h - 2617. Calculate f(-34).
35
Let k(a) = -3*a**2 + 543*a - 2665. Calculate k(176).
-25
Let b(g) = -3*g**3 - 27*g**2 - 51*g - 56. What is b(-7)?
7
Let x(j) = -21391*j + 64187. What is x(3)?
14
Let u(v) = 54*v**2 + 90*v - 34. What is u(-2)?
2
Let l(h) = -86*h + 267. Determine l(17).
-1195
Let r(j) = -j**3 + 50*j**2 - 65*j + 167. Give r(9).
2903
Let f(h) = h**3 + 183*h**2 - 361*h + 1594. Determine f(-185).
-71
Let g(y) = 23*y**3 + 281*y**2 - 242*y - 70. Calculate g(-13).
34
Let v(f) = -44*f**2 + 12403*f + 1464. Calculate v(282).
54
Let z(i) = -1541*i - 46222. Give z(-30).
8
Let f(b) = -b**3 + 19*b**2 - 483*b + 1243. Determine f(3).
-62
Let o(b) = -7*b**2 - 73*b + 1564. Calculate o(-21).
10
Let p(b) = b**2 - 88*b - 1365. Calculate p(32).
-3157
Let x(d) = d**3 + 224*d**2 + 730*d + 14795. Calculate x(-221).
-12
Let c(q) = 4*q**3 - 246*q**2 - 112*q + 114. Calculate c(62).
858
Let q(j) = -5168*j + 273919. Calculate q(53).
15
Let p(q) = -q**3 + 18*q**2 - 179*q + 73. Give p(10).
-917
Let f(z) = z**2 + 603*z + 20948. Give f(-37).
6
Let x(o) = -3*o**2 + 399*o - 524. What is x(133)?
-524
Let r(l) = -183*l**2 + 4552*l + 621. Give r(25).
46
Let h(i) = i**2 + 878483*i - 6149408. Determine h(7).
22
Let c(q) = -2*q**3 - 558*q**2 - 5764*q - 11417. Calculate c(-8).
7
Let l(w) = w**2 + 419*w + 9978. Give l(-394).
128
Let s(f) = -f**3 - 130*f**2 - 3709*f - 237. Give s(-89).
5103
Let f(u) = -2*u**3 - 14*u**2 + 904*u - 2. Calculate f(18).
70
Let i(r) = -2*r**3 + 13*r**2 + 10*r - 252. Calculate i(8).
-364
Let s(h) = -h**3 - 93*h**2 - 99*h - 1441. Calculate s(-92).
-797
Let v(g) = -6*g**3 - 63*g**2 + 19*g + 356. Give v(-10).
-134
Let g(s) = 30*s**3 - 11*s**2 + 4*s - 2. Calculate g(3).
721
Let y(s) = -40103*s + 160272. Give y(4).
-140
Let y(a) = 29783*a - 118817. What is y(4)?
315
Let v(p) = -26049*p - 26187. Determine v(-1).
-138
Let t(c) = 3*c**2 + 83*c - 21. Calculate t(-23).
-343
Let r(k) = k**3 - 21*k**2 + 136*k - 3471. Calculate r(22).
5
Let r(c) = c**3 - 187*c**2 + 4716*c - 921. Determine r(157).
21
Let z(r) = -3076*r + 15306. Calculate z(5).
-74
Let z(t) = -5*t**2 + 4033*t - 786380. Determine z(330).
10
Let d(r) = 202*r + 4915. What is d(-26)?
-337
Let x(s) = 1408*s + 585661. Calculate x(-416).
-67
Let d(v) = 522*v**2 + 81*v - 58. Give d(1).
545
Let n(i) = -i**3 - 84*i**2 + 1033*i + 67099. Determine n(-87).
-65
Let a(f) = 37*f**2 - 884*f - 980. Determine a(25).
45
Let b(a) = 6*a**2 + 2218*a - 547. Give b(-370).
193
Let y(j) = -1302*j**2 + 3033661*j - 2342. Calculate y(2330).
-12
Let v(x) = 153*x**3 - 8*x**2 + 41*x + 112. What is v(-2)?
-1226
Let x(u) = -2710*u + 16052. Give x(6).
-208
Let m(t) = 1069*t - 33116. Calculate m(31).
23
Let n(m) = -4*m**2 + 198*m - 2340. Calculate n(29).
38
Let d(q) = 67294*q - 201878. Calculate d(3).
4
Let r(c) = 315*c - 381. Determine r(4).
879
Let h(j) = -1913*j + 1119079. Calculate h(585).
-26
Let g(l) = -320*l - 26224. Give g(-82).
16
Let y(g) = -g**2 + 35*g - 23. What is y(48)?
-647
Let h(b) = -217737*b + 28523553. What is h(131)?
6
Let t(j) = 3228*j + 574. What is t(0)?
574
Let u(m) = 179*m + 498. Give u(-2).
140
Let g(j) = -j**3 - 26*j**2 - 150*j - 122. Calculate g(-11).
-287
Let q(v) = -2*v**3 - 5*v**2 + 80*v + 177. Give q(9).
-966
Let h(d) = 101*d - 17780. Calculate h(176).
-4
Let d(w) = -w**3 + 108*w**2 + 234*w - 784. Calculate d(110).
756
Let c(p) = -2*p**2 + 178*p - 3717. What is c(36)?
99
Let p(o) = -162480*o + 11536072. Calculate p(71).
-8
Let o(f) = -634*f + 239728. Determine o(378).
76
Let b(s) = -s**3 + 232*s**2 - 1534*s - 334. Give b(7).
-47
Let h(d) = d**3 + 75*d**2 + 901*d - 43. Give h(-60).
-103
Let p(m) = -50473*m + 706596. Calculate p(14).
-26
Let f(s) = 13628*s + 572382. What is f(-42)?
6
Let m(g) = 103*g**3 - 5*g**2 - 192*g - 377. What is m(-2)?
-837
Let g(o) = 45866*o - 275221. Calculate g(6).
-25
Let m(v) = 3*v**2 + 259*v + 337. Give m(-84).
-251
Let f(d) = 5*d**2 + 10*d - 108. Determine f(-6).
12
Let m(x) = -x**3 + 100*x**2 - 1109*x - 656. Give m(87).
1258
Let p(u) = 3*u**2 + 2534*u + 524420. What is p(-482)?
4
Let l(m) = -119671*m - 119702. What is l(-1)?
-31
Let z(a) = 75940*a - 379878. Calculate z(5).
-178
Let z(c) = 65331*c + 326598. What is z(-5)?
-57
Let u(v) = 2*v**2 + 375*v - 3037. Determine u(9).
500
Let k(n) = 247057*n + 1976452. Give k(-8).
-4
Let i(j) = -4*j**3 - 4*j**2 + 75*j + 11. What is i(8)?
-1693
Let l(z) = 8*z**3 + 676*z**2 - 321*z + 1612. Determine l(-85).
-3
Let b(g) = 410*g**3 + 5*g**2 - 183*g - 188. Give b(-1).
-410
Let x(g) = 26*g**2 + 8838*g - 696. Give x(-340).
-16
Let i(k) = 2402*k + 62838. Give i(-26).
386
Let h(w) = -72*w**2 - 51*w - 18. Determine h(3).
-819
Let h(v) = 3*v**2 + 11641*v - 93327. Determine h(8).
-7
Let d(u) = 5*u**2 - 2349*u - 31385. What is d(-13)?
-3
Let i(d) = -21*d**2 - 9521*d + 19060. Give i(2).
-66
Let d(q) = -q**2 - 81*q + 1222. Determine d(13).
0
Let t(s) = 3*s**3 - 249*s**2 + 941*s + 544. Give t(79).
-9
Let s(k) = 8711*k - 3745729. Determine s(430).
1
Let d(a) = -a**2 + 354*a + 44860. What is d(-99)?
13
Let p(s) = -18*s - 564. Calculate p(-83).
930
Let g(i) = 5*i**2 + 4107*i + 20432. What is g(-5)?
22
Let k(v) = -v**2 - 342*v - 1141. What is k(0)?
-1141
Let h(o) = 4*o**2 - 467*o - 64274. Give h(198).
76
Let t(z) = 10*z**2 - 91*z - 6. Determine t(9).
-15
Let y(p) = 3*p**3 - 70*p**2 + 389*p + 192. Give y(13).
10
Let z(w) = w**2 - 54*w - 465. Give z(0).
-465
Let h(s) = 4*s**3 + 152*s**2 + 1160*s + 2334. Give h(-6).
-18
Let r(p) = 60*p - 9830. Determine r(167).
190
Let t(y) = 49*y**2 - 801*y - 1456. What is t(18)?
2
Let w(f) = -23*f**2 + 3433*f + 20482. Calculate w(155).
22
Let c(z) = -259*z - 32770. Determine c(-131).
1159
Let u(l) = l**2 - 4105*l - 161613. Give u(-39).
3
Let q(g) = 2*g**2 + 273*g + 1577. Determine q(-6).
11
Let h(d) = 25697*d - 281768. Give h(11).
899
Let v(h) = -35*h + 1189. Give v(40).
-211
Let v(n) = -221*n + 6774. What is v(31)?
-77
Let v(q) = 2*q**2 - 9811*q + 1481840. Determine v(156).
-4
Let u(x) = 5436*